 + 10. Calculate n(j).
3
Let j(p) be the second derivative of p**4/12 + 5*p**3/6 + p**2 + p. Let k be j(-4). Let t(b) = -1 - 1 - 145*b + 147*b. Calculate t(k).
-6
Suppose 0 = -17*v + 112 - 27. Let u(g) = 2*g - 2. Calculate u(v).
8
Let u(f) = -f**3 - 3*f**2 + 4*f - 1. Suppose z = 3 - 7. Give u(z).
-1
Let f be 7*(0 + -3)/(-3). Let d(m) = f + 10*m - 7. Let s be 2/((1 - 1) + 2). Determine d(s).
10
Let y be (-6)/(-14) + 50/14. Let k(x) = 2 - y - 4 - 3*x + 5. Calculate k(1).
-4
Let l(p) be the third derivative of -p**6/120 - p**5/60 - p**4/24 + 2*p**3/3 + 10*p**2. What is l(0)?
4
Suppose -8*z + 10*z - 90 = 0. Suppose -5*j - z = 5*x, 0*x + 5*x + 25 = 0. Let l(r) = -13*r - 8. Let s(a) = 7*a + 4. Let b(n) = 6*l(n) + 11*s(n). Give b(j).
0
Let c(w) = -3*w - 2. Let u(h) = -21*h - 15. Let a(k) = -15*c(k) + 2*u(k). Give a(-2).
-6
Suppose 4 = 5*c - 3*w, 8 = 3*c - 2*w + 3*w. Let d(n) = -2 + n**3 - 2*n - 4 + 5*n - 4*n**c. Suppose 9*r = 5*r + 16. Determine d(r).
6
Let i(s) be the first derivative of s**3/3 + 5*s**2/2 + 3*s + 6. Give i(-3).
-3
Let k(s) = 4*s**3 - 1 + s**2 + 0 + 11*s**3. Let l = 115 - 114. Determine k(l).
15
Let h(d) = -2*d**3 + d - 1. Suppose -3*m + 5 = 2. Let c be h(m). Let u(j) = -j - 1. Let s(f) = -2*f**2 - 5*f - 5. Let a(z) = s(z) - 4*u(z). Give a(c).
-7
Let h(s) be the first derivative of -s**5/40 + s**4/24 - s**3 - 2. Let p(w) be the third derivative of h(w). Calculate p(2).
-5
Let a(o) = -5*o**3 + o**2 - 9*o + 5. Let b(m) = -4*m**3 + 2*m**2 - 8*m + 4. Let x(d) = 3*a(d) - 4*b(d). What is x(4)?
3
Let c(w) = -w**2 - 7*w + 17*w - 4*w + 3. Let p = 3 - 3. Suppose 0 = -p*f + 3*f - 15. Give c(f).
8
Suppose 3*g - 20 = 1. Let l(j) = -j + 3. Give l(g).
-4
Let l(x) = x**2 + 3*x + 3. Let q be l(-3). Let k = q + 0. Let y(z) = 3*z**2 + 2*z**2 + z**k - 5 + 0*z**2 - 6*z**2. What is y(0)?
-5
Let x = -2 + -12. Let o be (-4)/14 + (-46)/x. Let a(i) = 14*i**2 - 4*i - 2. Let f(h) = -9*h**2 + 3*h + 1. Let s(g) = 5*a(g) + 8*f(g). Determine s(o).
-8
Suppose -c + 11 = h + c, c + 19 = 3*h. Let a = 12 - h. Let l = -4 + a. Let z(j) = 5*j**3 - 2*j + 1. Calculate z(l).
4
Let n(d) = -d**2 + 4*d + 2365 - 2365 - d**2. Let w be 0/(3 + -1 + -4). Suppose 5*z = -w*z + 15. Give n(z).
-6
Suppose -4*j + 0 = -20. Suppose -5*g - 3*l = 3, -l + 4 = 3*g - j*l. Let v(k) = -1 + g - 8 - k. Calculate v(-5).
-4
Suppose -2*f + 5*f = 6. Let t(y) = y**2 + 7*y + 4. Let r(c) = 4*c**2 + 28*c + 15. Let l(x) = f*r(x) - 9*t(x). Calculate l(-7).
-6
Let a(b) = 6*b**2 + 2*b + 4. Let w(m) = -m**2 - m. Let r(j) = -a(j) - 5*w(j). Give r(4).
-8
Let i(y) = -3*y + 3*y**3 + y**2 + 2 - 4*y**3 + 6*y. Suppose l + q = 4*l - 5, -2*l + 10 = q. What is i(l)?
-7
Let m(g) = 9 + 0 + 3*g**2 + 9 + g**3 - 22. Suppose t - 2*y + 13 = 0, 2*t - 5*y + 8 + 23 = 0. Determine m(t).
-4
Let t(n) = 2*n + 1 - 3 + 1 - 2*n**2. Let m(x) = -3*x**2 + 3*x - 2. Let u be m(3). Let j be u/70 - (-9)/7. Calculate t(j).
-1
Let n(y) = y**2 - 6. Suppose l = u + 3 - 0, u = 0. Suppose -4*m - k = 4*k, l*m - 2*k = 0. Determine n(m).
-6
Let l(m) = -m**3 + 6*m**2 - 3*m - 5. Suppose -5*i = -3*t + 7, -5*t + 4*i + 2 = -1. Let j be 0 + 1 + 0/t. Let w be (-1)/(1/(-5)*j). Give l(w).
5
Let k(v) = -v + 1. Let o(g) = g + 1. Let r(q) = 3*k(q) - o(q). Let f be 4/(-14)*(-9 - -2). Calculate r(f).
-6
Let g(n) = -n**2 + 7. Let r be (4 - 3)/((-2)/(-6)). Suppose r*o = -o. Determine g(o).
7
Suppose -5*o + 3*o + 6 = 0. Let u be (2 - o) + 1 - -5. Suppose -u*l + 13 = 5*d - l, 0 = d + l - 3. Let s(j) = -3*j + 1. Determine s(d).
-2
Let f(t) be the third derivative of t**5/60 - 3*t**2 - 11. Give f(-2).
4
Let b(w) be the third derivative of w**6/120 - 7*w**5/60 + 5*w**4/24 - 4*w**3/3 - 2*w**2. Determine b(6).
-14
Suppose 4*d = 12, -2*d + 19 = h + d. Let m(o) = -o**2 + 9*o - 6. Determine m(h).
-16
Let h(t) = -3*t + 6. Let u be (2 - 4)/(-2) - -1. Let m(q) = 3*q - 6. Let k(p) = u*m(p) + 3*h(p). Calculate k(4).
-6
Let y(b) = 2 - b**3 - b**2 - 5*b + b**2 - 5 - 5*b**2. Let j(r) = 0 - r**3 + 0*r**3 - 4 - 5*r**2. Let u be j(-5). Calculate y(u).
1
Let u(a) = 2*a - 1. Suppose 2*j - 3*k - 4 = 0, 4*j - 8 = 2*k + 3*k. Suppose -j*p = 2*d - 8, d - 2*p = -2*d + 2. Give u(d).
3
Let j(a) = -a**3 + 7*a**2 + 2. Let g be j(7). Suppose g*i - i = -4*y - 10, 8 = -3*i - y. Let d(v) = 3*v + 3. Calculate d(i).
-3
Let b(v) = -v**2 + v + 3. Let n = -5 + 4. Let z be (n*3)/6*0. Give b(z).
3
Let n be 9*(-3 - 11/(-3)). Suppose j - n = -j - k, -k - 14 = -2*j. Let l(f) = -f + 3. Determine l(j).
-2
Let o(a) = 4 - 3 + 0*a - 6*a. Let n(g) = -g**2 + g + 3. Let y be n(2). Give o(y).
-5
Let w(y) = y**3 - 5*y**2 + 3*y + 4. Let i = 2 - -1. Let m be w(i). Let g(s) = s. What is g(m)?
-5
Let k(m) = m**2 - 3*m - 4. Suppose 0 = o - 4, 3*i - 2*o = -4*o + 17. What is k(i)?
-4
Suppose 20 = -2*d + 8. Let n(o) = 4*o + 9. What is n(d)?
-15
Let n(s) = -4*s + 7. Let v(i) = -6*i + 11. Let l(j) = 8*n(j) - 5*v(j). Let z be 3/4 - (-24)/(-32). Suppose z = 5*d - 2*g + 21, -2*g + 2 + 4 = 0. What is l(d)?
7
Let v(k) be the second derivative of k**4/12 - k**3/2 + k**2/2 + 10*k. Give v(4).
5
Let m(g) = -8*g**2 + g. Let p(i) be the third derivative of -i**6/120 - i**5/10 - i**4/4 - 2*i**3/3 + 5*i**2. Let v be p(-5). What is m(v)?
-7
Let i(b) = -b - 1. Let h(c) = 6*c + 5. Let k(g) = 2*h(g) + 11*i(g). Give k(11).
10
Let c(q) = -q**3 - 5*q**2 + 6*q. Let l be (4/12)/((-1)/(-6)). Suppose 7*s - l*s + 30 = 0. Give c(s).
0
Let s(b) = -461*b**3 + 3*b + 233*b**3 - 1 - 4*b**2 + 229*b**3. What is s(2)?
-3
Let m(g) = -3*g**3 + g**2 - 8*g - 10. Let l(q) = 4*q**3 - 2*q**2 + 12*q + 15. Let y(t) = 5*l(t) + 7*m(t). Let h(r) = 3*r + 2. Let u be h(-2). Give y(u).
5
Let m(x) = x**2 + 8*x + 8. Let d be (-22)/4 - (-1)/(-2). Let q be m(d). Let a(l) = -l**2 - 6*l - 4. Give a(q).
4
Suppose -3*i + 2*f = -4*i + 6, 3*i - 13 = -5*f. Let z(n) = -n**2 - 4*n + 4. What is z(i)?
4
Let c(l) = l**2 - 2*l - 2. Let k(j) = j**2 - j - 2. Let d(u) = 3*c(u) - 2*k(u). What is d(4)?
-2
Let a(j) be the second derivative of -j**4/12 - 5*j**3/6 - 3*j**2 + 7*j. Calculate a(-4).
-2
Let h(p) = 2*p**2 + p - 1. Suppose 0 = -3*n - c - 10, 3*n = -n - 3*c - 20. Give h(n).
5
Let f be ((-6)/4)/((-3)/6). Let n(j) be the first derivative of j**3 + 0 + j**3 + f. Give n(1).
6
Let w(s) be the second derivative of 11*s**5/120 + s**4/24 + 2*s**3/3 + 4*s. Let p(m) be the second derivative of w(m). Determine p(-1).
-10
Let v be (6/4)/((-5)/(-10)). Let j(a) be the third derivative of 1/120*a**6 + 0*a + 1/3*a**3 + 0 - 1/20*a**5 + 0*a**4 + 2*a**2. Determine j(v).
2
Let c(o) = 4 - 2 + 5 + 3*o. Suppose d = -5*a + 25, -d + 8*a - 15 = 3*a. Suppose d*s + 20 = -5. What is c(s)?
-8
Let z(y) = -5*y - 1. Let d(t) = -10*t - 3 - 6*t + 2*t. Let s(c) = -4*d(c) + 11*z(c). Give s(-5).
-4
Suppose 7*z - 6*z = 3. Let f(c) = -8*c**3 - z*c**2 + 2 + 2 + 9*c**3 - 6*c. Suppose -4 = 2*q - 4*p - 12, -4*q + 16 = p. Determine f(q).
-4
Let z(n) = -n**2 + 4*n - 2. Let s(k) = k**2 - 4*k + 6. Let u be s(4). Let x(j) = 7*j - 4 - j - 5*j. Let l be x(u). Determine z(l).
2
Let g(k) = k**3 - 7*k**2 + 5*k. Let q = 24 + -18. Calculate g(q).
-6
Suppose -3*w + 15 = -2*h - 0*h, -3*h - 10 = -2*w. Let q(n) = 6*n**3 - 6*n**2 + 3*n**2 + w*n**2 - n. Determine q(1).
7
Suppose 5*i = 3*w + 45, -3*i + 3*w - 8*w + 61 = 0. Suppose i = 13*a - 9*a. Let q(y) = -y**2 + 3*y - 3. Calculate q(a).
-3
Let i(s) be the second derivative of s**3/6 + 2*s**2 + 2*s. Give i(-5).
-1
Suppose 4*f - 2 = 14. Let d(y) = -3*y + 2. Let w(s) = -3*s + 2. Let r(t) = -3*d(t) + 4*w(t). What is r(f)?
-10
Let a = 0 - -3. Let k(f) = -f**3 - f**3 + 0*f**a + 4*f**3. Calculate k(-1).
-2
Let l = -7 - -12. Let c(z) = -z**3 + z**2 + 2*z - 3. Let r(v) = v**3 - 2*v**2 - 2*v + 3. Let x(p) = 3*c(p) + 4*r(p). Calculate x(l).
-7
Let b(m) = 1 - 6*m**2 + 8*m - 7*m**3 + 13*m**3 - 7*m**3 + 7. Determine b(-7).
1
Let n(t) = 2*t**2 + 5. Let s(c) = c + 1. Let d be s(11). Let g(a) = d + 2*a**2 - 3 - 3. Let z(m) = -3*g(m) + 4*n(m). Give z(-2).
10
Let c(l) be the third derivative of l**5/60 - l**4/4 - l**3/3 + 7*l**2. Determine c(6).
-2
Let x be 2 + -1 + (2 - 2). Suppose -2*m = 2*a + 2, a + x + 2 = m. Let o(j) = m + 4*j + j + 0*j. Calculate o(-2).
-9
Let o be (0/(-4) - -13)*-1. Let h(x) = x**3 + 12*x**2 - 12*x + 18. What is h(o)?
5
Let x(y) = -y - 3. Let r(q) = -q. Let j be r(-6). Let a be ((-3)/j)/((-1)/(-2)).